{"id":78,"date":"2022-08-25T11:51:28","date_gmt":"2022-08-25T09:51:28","guid":{"rendered":"http:\/\/wiedemeier.org\/?page_id=78"},"modified":"2022-09-12T15:37:25","modified_gmt":"2022-09-12T13:37:25","slug":"historie","status":"publish","type":"page","link":"https:\/\/wiedemeier.org\/index.php\/historie\/","title":{"rendered":"Historie"},"content":{"rendered":"<div data-colibri-id=\"78-c1\" class=\"style-451 style-local-78-c1 position-relative\">\n  <!---->\n  <div data-colibri-component=\"section\" data-colibri-id=\"78-c50\" id=\"custom\" class=\"h-section h-section-global-spacing d-flex align-items-lg-center align-items-md-center align-items-center style-820 style-local-78-c50 position-relative\">\n    <!---->\n    <!---->\n    <div class=\"h-section-grid-container h-section-boxed-container\">\n      <!---->\n      <div data-colibri-id=\"78-c51\" class=\"h-row-container gutters-row-lg-2 gutters-row-md-2 gutters-row-0 gutters-row-v-lg-2 gutters-row-v-md-2 gutters-row-v-2 style-821 style-local-78-c51 position-relative\">\n        <!---->\n        <div class=\"h-row justify-content-lg-center justify-content-md-center justify-content-center align-items-lg-stretch align-items-md-stretch align-items-stretch gutters-col-lg-2 gutters-col-md-2 gutters-col-0 gutters-col-v-lg-2 gutters-col-v-md-2 gutters-col-v-2\">\n          <!---->\n          <div class=\"h-column h-column-container d-flex h-col-lg-auto h-col-md-auto h-col-auto style-822-outer style-local-78-c52-outer\">\n            <div data-colibri-id=\"78-c52\" class=\"d-flex h-flex-basis h-column__inner h-px-lg-2 h-px-md-2 h-px-2 v-inner-lg-2 v-inner-md-2 v-inner-2 style-822 style-local-78-c52 position-relative\">\n              <!---->\n              <!---->\n              <div class=\"w-100 h-y-container h-column__content h-column__v-align flex-basis-100 align-self-lg-start align-self-md-start align-self-start\">\n                <!---->\n                <div data-colibri-id=\"78-c53\" class=\"h-text h-text-component style-823 style-local-78-c53 position-relative h-element\">\n                  <!---->\n                  <!---->\n                  <div class=\"\">\n                    <div id=\"twp-552\" class=\"style-another\">\r\n            <div id=\"twp-telement-0\" class=\"timeline\">\r\n            <div class=\"timeline-content\">\r\n\r\n                <div class=\"timeline-year\">\r\n                    <span>1990<\/span>                <\/div>\r\n                \r\n                <div class=\"timeline-icon\">\r\n                                            <i class=\"fas fa-home\"><\/i>\r\n                                    <\/div>\r\n\r\n                <h3 class=\"title\">Gr\u00fcndung<\/h3>                <div class=\"description\">1990 gr\u00fcndete der Tischlermeister G\u00fcnter Wiedemeier in Detmold die M\u00d6BELWERKST\u00c4TTEN G\u00dcNTER WIEDEMEIER. Zusammen mit einem anfangs noch relativ kleinen, aber festen Mitarbeiterstamm fertigte er M\u00f6bel und Einzelteile f\u00fcr die M\u00f6belindustrie. Handwerk war, ist und bleibt die unumst\u00f6\u00dfliche Grundlage des Unternehmens. Massivholzbearbeitung, Furnierpresse und Furnierzuschnitt spielen auch heute noch eine wichtige Rolle. Gerade diese einzigartige Kombination aus modernen Maschinen und handwerklichem Geschick erm\u00f6glicht es uns, qualitativ hochwertige Teile in Klein- aber auch in Gro\u00dfserien anzufertigen.\r\n\r\n\r\n\r\n\r\n<\/div>            <\/div>\r\n        <\/div>\r\n            <div id=\"twp-telement-1\" class=\"timeline\">\r\n            <div class=\"timeline-content\">\r\n\r\n                <div class=\"timeline-year\">\r\n                    <span>1996<\/span>                <\/div>\r\n                \r\n                <div class=\"timeline-icon\">\r\n                                            <i class=\"fas fa-home\"><\/i>\r\n                                    <\/div>\r\n\r\n                <h3 class=\"title\">Umzug nach Nieheim<\/h3>                <div class=\"description\">1996 wurde die Produktionsfl\u00e4che zu klein. G\u00fcnter Wiedemeier musste expandieren und zog mit seinen M\u00f6belwerkst\u00e4tten ein Jahr sp\u00e4ter nach Nieheim in einen Neubau.<\/div>            <\/div>\r\n        <\/div>\r\n            <div id=\"twp-telement-2\" class=\"timeline\">\r\n            <div class=\"timeline-content\">\r\n\r\n                <div class=\"timeline-year\">\r\n                    <span>1998<\/span>                <\/div>\r\n                \r\n                <div class=\"timeline-icon\">\r\n                                            <i class=\"fas fa-money-bill-wave\"><\/i>\r\n                                    <\/div>\r\n\r\n                <h3 class=\"title\">Investitionen Maschinenpark<\/h3>                <div class=\"description\">CNC-Bearbeitungszentrum - Marke IMA-H\u00fcllhorst. <\/div>            <\/div>\r\n        <\/div>\r\n            <div id=\"twp-telement-3\" class=\"timeline\">\r\n            <div class=\"timeline-content\">\r\n\r\n                <div class=\"timeline-year\">\r\n                    <span>2000<\/span>                <\/div>\r\n                \r\n                <div class=\"timeline-icon\">\r\n                                            <i class=\"fas fa-home\"><\/i>\r\n                                    <\/div>\r\n\r\n                <h3 class=\"title\">Vergr\u00f6\u00dferung<\/h3>                <div class=\"description\">Erweiterung der Produktionsfl\u00e4che von 800 m\u00b2 auf 1300 m\u00b2. <\/div>            <\/div>\r\n        <\/div>\r\n            <div id=\"twp-telement-4\" class=\"timeline\">\r\n            <div class=\"timeline-content\">\r\n\r\n                <div class=\"timeline-year\">\r\n                    <span>2001<\/span>                <\/div>\r\n                \r\n                <div class=\"timeline-icon\">\r\n                                            <i class=\"fas fa-home\"><\/i>\r\n                                    <\/div>\r\n\r\n                <h3 class=\"title\">Neue Maschinen<\/h3>                <div class=\"description\">2001 haben wir in der neuen 500 m\u00b2 Lager- und Produktionshalle eine computergesteuerte Plattenaufteils\u00e4ge aufgestellt. \r\nKurz darauf kam ein neuer Kantenanleimer dazu, der die    Plattenbearbeitung abrundet. <\/div>            <\/div>\r\n        <\/div>\r\n            <div id=\"twp-telement-5\" class=\"timeline\">\r\n            <div class=\"timeline-content\">\r\n\r\n                <div class=\"timeline-year\">\r\n                    <span>2003<\/span>                <\/div>\r\n                \r\n                <div class=\"timeline-icon\">\r\n                                            <i class=\"fas fa-money-bill-wave\"><\/i>\r\n                                    <\/div>\r\n\r\n                <h3 class=\"title\">Erweiterung Maschinenpark<\/h3>                <div class=\"description\">2003 investierte G\u00fcnter Wiedemeier in einen modernen Kehlautomaten, der die Massivholzbearbeitung unterst\u00fctzt.<\/div>            <\/div>\r\n        <\/div>\r\n            <div id=\"twp-telement-6\" class=\"timeline\">\r\n            <div class=\"timeline-content\">\r\n\r\n                <div class=\"timeline-year\">\r\n                    <span>2005<\/span>                <\/div>\r\n                \r\n                <div class=\"timeline-icon\">\r\n                                            <i class=\"fas fa-home\"><\/i>\r\n                                    <\/div>\r\n\r\n                <h3 class=\"title\">Neue Lagerhalle<\/h3>                <div class=\"description\"> Zus\u00e4tzlich wurde eine neue Lagerhalle mit einer Grundfl\u00e4che von 1000 m\u00b2 gebaut.<\/div>            <\/div>\r\n        <\/div>\r\n            <div id=\"twp-telement-7\" class=\"timeline\">\r\n            <div class=\"timeline-content\">\r\n\r\n                <div class=\"timeline-year\">\r\n                    <span>2006<\/span>                <\/div>\r\n                \r\n                <div class=\"timeline-icon\">\r\n                                            <i class=\"fas fa-home\"><\/i>\r\n                                    <\/div>\r\n\r\n                <h3 class=\"title\">CNC-Bearbeitungszentrum<\/h3>                <div class=\"description\">Seit Oktober 2006 steht der Fertigung ein F\u00fcnf-Achs CNC-Bearbeitungszentrum der Marke MKM International aus Bad Oeynhausen zur Verf\u00fcgung.\r\n\r\nDiese Kombination aus modernen Maschinen und handwerklichem Geschick l\u00e4sst uns qualitativ hochwertige Teile in Einzelteilen, in Klein- aber auch in Gro\u00dfserien fertigen.<\/div>            <\/div>\r\n        <\/div>\r\n            <div id=\"twp-telement-8\" class=\"timeline\">\r\n            <div class=\"timeline-content\">\r\n\r\n                <div class=\"timeline-year\">\r\n                    <span>2012<\/span>                <\/div>\r\n                \r\n                <div class=\"timeline-icon\">\r\n                                            <i class=\"fas fa-wrench\"><\/i>\r\n                                    <\/div>\r\n\r\n                <h3 class=\"title\">Neues CNC-Bearbeitungszentrum<\/h3>                <div class=\"description\">2012 kam ein neues 5-Achs-CNC-Bearbeitungszemtrum der Marke Homag Venture 316L, mit der wir die Bearbeitungsabl\u00e4ufe unserer Einzel- und Sereinanferigung noch weiter optimieren konnten.<\/div>            <\/div>\r\n        <\/div>\r\n            <div id=\"twp-telement-9\" class=\"timeline\">\r\n            <div class=\"timeline-content\">\r\n\r\n                <div class=\"timeline-year\">\r\n                    <span>2016<\/span>                <\/div>\r\n                \r\n                <div class=\"timeline-icon\">\r\n                                            <i class=\"fas fa-cogs\"><\/i>\r\n                                    <\/div>\r\n\r\n                <h3 class=\"title\">Plattenaufteils\u00e4ge<\/h3>                <div class=\"description\">2016 kam eine Schillig fh 6. Die Plattenaufteils\u00e4ge mit vollautomatischer Plattenzuf\u00fchrung erm\u00f6glicht es uns Platten bis maximal 4300 x 2500 mm zu bearbeiten. Es lassen sich Einzelplatten und Paketschnitte bis 120 mm schneiden und etikettieren.<\/div>            <\/div>\r\n        <\/div>\r\n            <div id=\"twp-telement-10\" class=\"timeline\">\r\n            <div class=\"timeline-content\">\r\n\r\n                <div class=\"timeline-year\">\r\n                    <span>2018<\/span>                <\/div>\r\n                \r\n                <div class=\"timeline-icon\">\r\n                                            <i class=\"fas fa-wrench\"><\/i>\r\n                                    <\/div>\r\n\r\n                <h3 class=\"title\">Kantenanleimer<\/h3>                <div class=\"description\">2018 kam ein Kantenanleimer aus dem Hause Biesse. Mit der Biesse Stream A 5.0 k\u00f6nnen wir Kantenst\u00e4rken von 0,3 mm Melamin bis 10 mm Massivholzleisten anfahren. Kantenradien von 1 und 2 mm sind m\u00f6glich. Plattenst\u00e4rken von 8 bis 60 mm k\u00f6nnen bearbeitet werden. F\u00fcr die Kantenverleimung sind EVA- und PUR-Kleber einsetzbar.<\/div>            <\/div>\r\n        <\/div>\r\n    <\/div>\r\n\r\n<style>\r\n    #twp-552.style-another:before{\r\n        border-color:#945e3c;\r\n    }#twp-552.style-another:after{\r\n        border-color:#945e3c;\r\n    }#twp-552.style-another .timeline-year:after{\r\n        border-color:#945e3c;\r\n        border-left-color: transparent;\r\n    }#twp-552.style-another .timeline-content{\r\n        border-color:#945e3c;\r\n    }#twp-552.style-another .title, #twp-552.style-another .description {\r\n        color:#945e3c;\r\n    }#twp-552.style-another .timeline-content:after, #twp-552.style-another .timeline-icon, #twp-552.style-another .timeline-year {\r\n        background-color:#945e3c;\r\n    }#twp-552.style-another .timeline-icon {\r\n        color:#fed38e;\r\n    }#twp-552.style-another .description {\r\n        color:#000000;\r\n    }<\/style>\r\n\r\n\r\n\n                  <\/div>\n                <\/div>\n              <\/div>\n            <\/div>\n          <\/div>\n        <\/div>\n      <\/div>\n    <\/div>\n  <\/div>\n<\/div>","protected":false},"excerpt":{"rendered":"","protected":false},"author":1,"featured_media":0,"parent":0,"menu_order":0,"comment_status":"closed","ping_status":"closed","template":"page-templates\/full-width-page.php","meta":{"footnotes":""},"class_list":["post-78","page","type-page","status-publish","hentry"],"_links":{"self":[{"href":"https:\/\/wiedemeier.org\/index.php\/wp-json\/wp\/v2\/pages\/78","targetHints":{"allow":["GET"]}}],"collection":[{"href":"https:\/\/wiedemeier.org\/index.php\/wp-json\/wp\/v2\/pages"}],"about":[{"href":"https:\/\/wiedemeier.org\/index.php\/wp-json\/wp\/v2\/types\/page"}],"author":[{"embeddable":true,"href":"https:\/\/wiedemeier.org\/index.php\/wp-json\/wp\/v2\/users\/1"}],"replies":[{"embeddable":true,"href":"https:\/\/wiedemeier.org\/index.php\/wp-json\/wp\/v2\/comments?post=78"}],"version-history":[{"count":9,"href":"https:\/\/wiedemeier.org\/index.php\/wp-json\/wp\/v2\/pages\/78\/revisions"}],"predecessor-version":[{"id":564,"href":"https:\/\/wiedemeier.org\/index.php\/wp-json\/wp\/v2\/pages\/78\/revisions\/564"}],"wp:attachment":[{"href":"https:\/\/wiedemeier.org\/index.php\/wp-json\/wp\/v2\/media?parent=78"}],"curies":[{"name":"wp","href":"https:\/\/api.w.org\/{rel}","templated":true}]}}

<div data-colibri-id="78-c1" class="style-451 style-local-78-c1 position-relative">
  <!---->
  <div data-colibri-component="section" data-colibri-id="78-c50" id="custom" class="h-section h-section-global-spacing d-flex align-items-lg-center align-items-md-center align-items-center style-820 style-local-78-c50 position-relative">
    <!---->
    <!---->
    <div class="h-section-grid-container h-section-boxed-container">
      <!---->
      <div data-colibri-id="78-c51" class="h-row-container gutters-row-lg-2 gutters-row-md-2 gutters-row-0 gutters-row-v-lg-2 gutters-row-v-md-2 gutters-row-v-2 style-821 style-local-78-c51 position-relative">
        <!---->
        <div class="h-row justify-content-lg-center justify-content-md-center justify-content-center align-items-lg-stretch align-items-md-stretch align-items-stretch gutters-col-lg-2 gutters-col-md-2 gutters-col-0 gutters-col-v-lg-2 gutters-col-v-md-2 gutters-col-v-2">
          <!---->
          <div class="h-column h-column-container d-flex h-col-lg-auto h-col-md-auto h-col-auto style-822-outer style-local-78-c52-outer">
            <div data-colibri-id="78-c52" class="d-flex h-flex-basis h-column__inner h-px-lg-2 h-px-md-2 h-px-2 v-inner-lg-2 v-inner-md-2 v-inner-2 style-822 style-local-78-c52 position-relative">
              <!---->
              <!---->
              <div class="w-100 h-y-container h-column__content h-column__v-align flex-basis-100 align-self-lg-start align-self-md-start align-self-start">
                <!---->
                <div data-colibri-id="78-c53" class="h-text h-text-component style-823 style-local-78-c53 position-relative h-element">
                  <!---->
                  <!---->
                  <div class="">
                    <div id="twp-552" class="style-another">
            <div id="twp-telement-0" class="timeline">
            <div class="timeline-content">

                <div class="timeline-year">
                    <span>1990</span>                </div>
                
                <div class="timeline-icon">
                                            <i class="fas fa-home"></i>
                                    </div>

                <h3 class="title">Gründung</h3>                <div class="description">1990 gründete der Tischlermeister Günter Wiedemeier in Detmold die MÖBELWERKSTÄTTEN GÜNTER WIEDEMEIER. Zusammen mit einem anfangs noch relativ kleinen, aber festen Mitarbeiterstamm fertigte er Möbel und Einzelteile für die Möbelindustrie. Handwerk war, ist und bleibt die unumstößliche Grundlage des Unternehmens. Massivholzbearbeitung, Furnierpresse und Furnierzuschnitt spielen auch heute noch eine wichtige Rolle. Gerade diese einzigartige Kombination aus modernen Maschinen und handwerklichem Geschick ermöglicht es uns, qualitativ hochwertige Teile in Klein- aber auch in Großserien anzufertigen.




</div>            </div>
        </div>
            <div id="twp-telement-1" class="timeline">
            <div class="timeline-content">

                <div class="timeline-year">
                    <span>1996</span>                </div>
                
                <div class="timeline-icon">
                                            <i class="fas fa-home"></i>
                                    </div>

                <h3 class="title">Umzug nach Nieheim</h3>                <div class="description">1996 wurde die Produktionsfläche zu klein. Günter Wiedemeier musste expandieren und zog mit seinen Möbelwerkstätten ein Jahr später nach Nieheim in einen Neubau.</div>            </div>
        </div>
            <div id="twp-telement-2" class="timeline">
            <div class="timeline-content">

                <div class="timeline-year">
                    <span>1998</span>                </div>
                
                <div class="timeline-icon">
                                            <i class="fas fa-money-bill-wave"></i>
                                    </div>

                <h3 class="title">Investitionen Maschinenpark</h3>                <div class="description">CNC-Bearbeitungszentrum - Marke IMA-Hüllhorst. </div>            </div>
        </div>
            <div id="twp-telement-3" class="timeline">
            <div class="timeline-content">

                <div class="timeline-year">
                    <span>2000</span>                </div>
                
                <div class="timeline-icon">
                                            <i class="fas fa-home"></i>
                                    </div>

                <h3 class="title">Vergrößerung</h3>                <div class="description">Erweiterung der Produktionsfläche von 800 m² auf 1300 m². </div>            </div>
        </div>
            <div id="twp-telement-4" class="timeline">
            <div class="timeline-content">

                <div class="timeline-year">
                    <span>2001</span>                </div>
                
                <div class="timeline-icon">
                                            <i class="fas fa-home"></i>
                                    </div>

                <h3 class="title">Neue Maschinen</h3>                <div class="description">2001 haben wir in der neuen 500 m² Lager- und Produktionshalle eine computergesteuerte Plattenaufteilsäge aufgestellt. 
Kurz darauf kam ein neuer Kantenanleimer dazu, der die    Plattenbearbeitung abrundet. </div>            </div>
        </div>
            <div id="twp-telement-5" class="timeline">
            <div class="timeline-content">

                <div class="timeline-year">
                    <span>2003</span>                </div>
                
                <div class="timeline-icon">
                                            <i class="fas fa-money-bill-wave"></i>
                                    </div>

                <h3 class="title">Erweiterung Maschinenpark</h3>                <div class="description">2003 investierte Günter Wiedemeier in einen modernen Kehlautomaten, der die Massivholzbearbeitung unterstützt.</div>            </div>
        </div>
            <div id="twp-telement-6" class="timeline">
            <div class="timeline-content">

                <div class="timeline-year">
                    <span>2005</span>                </div>
                
                <div class="timeline-icon">
                                            <i class="fas fa-home"></i>
                                    </div>

                <h3 class="title">Neue Lagerhalle</h3>                <div class="description"> Zusätzlich wurde eine neue Lagerhalle mit einer Grundfläche von 1000 m² gebaut.</div>            </div>
        </div>
            <div id="twp-telement-7" class="timeline">
            <div class="timeline-content">

                <div class="timeline-year">
                    <span>2006</span>                </div>
                
                <div class="timeline-icon">
                                            <i class="fas fa-home"></i>
                                    </div>

                <h3 class="title">CNC-Bearbeitungszentrum</h3>                <div class="description">Seit Oktober 2006 steht der Fertigung ein Fünf-Achs CNC-Bearbeitungszentrum der Marke MKM International aus Bad Oeynhausen zur Verfügung.

Diese Kombination aus modernen Maschinen und handwerklichem Geschick lässt uns qualitativ hochwertige Teile in Einzelteilen, in Klein- aber auch in Großserien fertigen.</div>            </div>
        </div>
            <div id="twp-telement-8" class="timeline">
            <div class="timeline-content">

                <div class="timeline-year">
                    <span>2012</span>                </div>
                
                <div class="timeline-icon">
                                            <i class="fas fa-wrench"></i>
                                    </div>

                <h3 class="title">Neues CNC-Bearbeitungszentrum</h3>                <div class="description">2012 kam ein neues 5-Achs-CNC-Bearbeitungszemtrum der Marke Homag Venture 316L, mit der wir die Bearbeitungsabläufe unserer Einzel- und Sereinanferigung noch weiter optimieren konnten.</div>            </div>
        </div>
            <div id="twp-telement-9" class="timeline">
            <div class="timeline-content">

                <div class="timeline-year">
                    <span>2016</span>                </div>
                
                <div class="timeline-icon">
                                            <i class="fas fa-cogs"></i>
                                    </div>

                <h3 class="title">Plattenaufteilsäge</h3>                <div class="description">2016 kam eine Schillig fh 6. Die Plattenaufteilsäge mit vollautomatischer Plattenzuführung ermöglicht es uns Platten bis maximal 4300 x 2500 mm zu bearbeiten. Es lassen sich Einzelplatten und Paketschnitte bis 120 mm schneiden und etikettieren.</div>            </div>
        </div>
            <div id="twp-telement-10" class="timeline">
            <div class="timeline-content">

                <div class="timeline-year">
                    <span>2018</span>                </div>
                
                <div class="timeline-icon">
                                            <i class="fas fa-wrench"></i>
                                    </div>

                <h3 class="title">Kantenanleimer</h3>                <div class="description">2018 kam ein Kantenanleimer aus dem Hause Biesse. Mit der Biesse Stream A 5.0 können wir Kantenstärken von 0,3 mm Melamin bis 10 mm Massivholzleisten anfahren. Kantenradien von 1 und 2 mm sind möglich. Plattenstärken von 8 bis 60 mm können bearbeitet werden. Für die Kantenverleimung sind EVA- und PUR-Kleber einsetzbar.</div>            </div>
        </div>
    </div>

<style>
    #twp-552.style-another:before{
        border-color:#945e3c;
    }#twp-552.style-another:after{
        border-color:#945e3c;
    }#twp-552.style-another .timeline-year:after{
        border-color:#945e3c;
        border-left-color: transparent;
    }#twp-552.style-another .timeline-content{
        border-color:#945e3c;
    }#twp-552.style-another .title, #twp-552.style-another .description {
        color:#945e3c;
    }#twp-552.style-another .timeline-content:after, #twp-552.style-another .timeline-icon, #twp-552.style-another .timeline-year {
        background-color:#945e3c;
    }#twp-552.style-another .timeline-icon {
        color:#fed38e;
    }#twp-552.style-another .description {
        color:#000000;
    }</style>



                  </div>
                </div>
              </div>
            </div>
          </div>
        </div>
      </div>
    </div>
  </div>
</div>
